[INFO] cloning repository https://github.com/nonk123/gkf_image_fetcher
[INFO] running `Command { std: "git" "-c" "credential.helper=" "-c" "credential.helper=/workspace/cargo-home/bin/git-credential-null" "clone" "--bare" "https://github.com/nonk123/gkf_image_fetcher" "/workspace/cache/git-repos/https%3A%2F%2Fgithub.com%2Fnonk123%2Fgkf_image_fetcher", kill_on_drop: false }`
[INFO] [stderr] Cloning into bare repository '/workspace/cache/git-repos/https%3A%2F%2Fgithub.com%2Fnonk123%2Fgkf_image_fetcher'...
[INFO] running `Command { std: "git" "rev-parse" "HEAD", kill_on_drop: false }`
[INFO] [stdout] a8a9fdd49ab0e1131fd43ad0e1003861bd971946
[INFO] checking nonk123/gkf_image_fetcher against master#af3c6e733a40e671550e0f0f5aeecaa13772ba56 for pr-74989
[INFO] running `Command { std: "git" "clone" "/workspace/cache/git-repos/https%3A%2F%2Fgithub.com%2Fnonk123%2Fgkf_image_fetcher" "/workspace/builds/worker-9/source", kill_on_drop: false }`
[INFO] [stderr] Cloning into '/workspace/builds/worker-9/source'...
[INFO] [stderr] done.
[INFO] validating manifest of git repo https://github.com/nonk123/gkf_image_fetcher on toolchain af3c6e733a40e671550e0f0f5aeecaa13772ba56
[INFO] running `Command { std: "/workspace/cargo-home/bin/cargo" "+af3c6e733a40e671550e0f0f5aeecaa13772ba56" "read-manifest" "--manifest-path" "Cargo.toml", kill_on_drop: false }`
[INFO] started tweaking git repo https://github.com/nonk123/gkf_image_fetcher
[INFO] finished tweaking git repo https://github.com/nonk123/gkf_image_fetcher
[INFO] tweaked toml for git repo https://github.com/nonk123/gkf_image_fetcher written to /workspace/builds/worker-9/source/Cargo.toml
[INFO] crate git repo https://github.com/nonk123/gkf_image_fetcher already has a lockfile, it will not be regenerated
[INFO] running `Command { std: "/workspace/cargo-home/bin/cargo" "+af3c6e733a40e671550e0f0f5aeecaa13772ba56" "fetch" "--locked" "--manifest-path" "Cargo.toml", kill_on_drop: false }`
[INFO] running `Command { std: "docker" "create" "-v" "/var/lib/crater-agent-workspace/builds/worker-9/target:/opt/rustwide/target:rw,Z" "-v" "/var/lib/crater-agent-workspace/builds/worker-9/source:/opt/rustwide/workdir:ro,Z" "-v" "/var/lib/crater-agent-workspace/cargo-home:/opt/rustwide/cargo-home:ro,Z" "-v" "/var/lib/crater-agent-workspace/rustup-home:/opt/rustwide/rustup-home:ro,Z" "-e" "SOURCE_DIR=/opt/rustwide/workdir" "-e" "CARGO_TARGET_DIR=/opt/rustwide/target" "-e" "CARGO_HOME=/opt/rustwide/cargo-home" "-e" "RUSTUP_HOME=/opt/rustwide/rustup-home" "-w" "/opt/rustwide/workdir" "-m" "1610612736" "--user" "0:0" "--network" "none" "rustops/crates-build-env@sha256:d92eaeed33fa75130ca1ee6c8a01d1ffb62bac859dfdfb3450e3e5d1c0146529" "/opt/rustwide/cargo-home/bin/cargo" "+af3c6e733a40e671550e0f0f5aeecaa13772ba56" "metadata" "--no-deps" "--format-version=1", kill_on_drop: false }`
[INFO] [stdout] 34a9778e81ab50876ccb02ae041598cea94904c3ec331784d28d8ddaf4e3163d
[INFO] [stderr] WARNING: Your kernel does not support swap limit capabilities or the cgroup is not mounted. Memory limited without swap.
[INFO] running `Command { std: "docker" "start" "-a" "34a9778e81ab50876ccb02ae041598cea94904c3ec331784d28d8ddaf4e3163d", kill_on_drop: false }`
[INFO] running `Command { std: "docker" "inspect" "34a9778e81ab50876ccb02ae041598cea94904c3ec331784d28d8ddaf4e3163d", kill_on_drop: false }`
[INFO] running `Command { std: "docker" "rm" "-f" "34a9778e81ab50876ccb02ae041598cea94904c3ec331784d28d8ddaf4e3163d", kill_on_drop: false }`
[INFO] [stdout] 34a9778e81ab50876ccb02ae041598cea94904c3ec331784d28d8ddaf4e3163d
[INFO] running `Command { std: "docker" "create" "-v" "/var/lib/crater-agent-workspace/builds/worker-9/target:/opt/rustwide/target:rw,Z" "-v" "/var/lib/crater-agent-workspace/builds/worker-9/source:/opt/rustwide/workdir:ro,Z" "-v" "/var/lib/crater-agent-workspace/cargo-home:/opt/rustwide/cargo-home:ro,Z" "-v" "/var/lib/crater-agent-workspace/rustup-home:/opt/rustwide/rustup-home:ro,Z" "-e" "SOURCE_DIR=/opt/rustwide/workdir" "-e" "CARGO_TARGET_DIR=/opt/rustwide/target" "-e" "CARGO_INCREMENTAL=0" "-e" "RUST_BACKTRACE=full" "-e" "RUSTFLAGS=--cap-lints=forbid" "-e" "CARGO_HOME=/opt/rustwide/cargo-home" "-e" "RUSTUP_HOME=/opt/rustwide/rustup-home" "-w" "/opt/rustwide/workdir" "-m" "1610612736" "--user" "0:0" "--network" "none" "rustops/crates-build-env@sha256:d92eaeed33fa75130ca1ee6c8a01d1ffb62bac859dfdfb3450e3e5d1c0146529" "/opt/rustwide/cargo-home/bin/cargo" "+af3c6e733a40e671550e0f0f5aeecaa13772ba56" "check" "--frozen" "--all" "--all-targets" "--message-format=json", kill_on_drop: false }`
[INFO] [stdout] b3abf5bd6c6108506f26a5b5a1f8e2be9645c5058fb0c1f0494a7b6c6e862769
[INFO] [stderr] WARNING: Your kernel does not support swap limit capabilities or the cgroup is not mounted. Memory limited without swap.
[INFO] running `Command { std: "docker" "start" "-a" "b3abf5bd6c6108506f26a5b5a1f8e2be9645c5058fb0c1f0494a7b6c6e862769", kill_on_drop: false }`
[INFO] [stderr]    Compiling libc v0.2.71
[INFO] [stderr]    Compiling byteorder v1.3.4
[INFO] [stderr]    Compiling syn v1.0.31
[INFO] [stderr]    Compiling memchr v2.3.3
[INFO] [stderr]    Compiling cc v1.0.54
[INFO] [stderr]    Compiling version_check v0.1.5
[INFO] [stderr]     Checking arc-swap v0.4.7
[INFO] [stderr]     Checking pin-project-lite v0.1.7
[INFO] [stderr]    Compiling opaque-debug v0.2.3
[INFO] [stderr]    Compiling subtle v1.0.0
[INFO] [stderr]    Compiling byte-tools v0.3.1
[INFO] [stderr]     Checking once_cell v1.4.0
[INFO] [stderr]    Compiling ppv-lite86 v0.2.8
[INFO] [stderr]    Compiling ryu v1.0.5
[INFO] [stderr]    Compiling fake-simd v0.1.2
[INFO] [stderr]    Compiling percent-encoding v1.0.1
[INFO] [stderr]     Checking base64 v0.12.1
[INFO] [stderr]    Compiling zeroize v1.1.0
[INFO] [stderr]     Checking safemem v0.3.3
[INFO] [stderr]    Compiling language-tags v0.2.2
[INFO] [stderr]    Compiling typeable v0.1.2
[INFO] [stderr]    Compiling traitobject v0.1.0
[INFO] [stderr]    Compiling encoding_rs v0.8.23
[INFO] [stderr]    Compiling state v0.4.1
[INFO] [stderr]     Checking unicode-segmentation v1.6.0
[INFO] [stderr]    Compiling glob v0.3.0
[INFO] [stderr]    Compiling httparse v1.3.4
[INFO] [stderr]    Compiling indexmap v1.4.0
[INFO] [stderr]    Compiling unicase v2.6.0
[INFO] [stderr]    Compiling pear_codegen v0.1.4
[INFO] [stderr]    Compiling rocket_codegen v0.4.5
[INFO] [stderr]    Compiling rocket v0.4.5
[INFO] [stderr]     Checking unicode-bidi v0.3.4
[INFO] [stderr]     Checking http v0.2.1
[INFO] [stderr]     Checking futures-channel v0.3.5
[INFO] [stderr]    Compiling block-padding v0.1.5
[INFO] [stderr]     Checking futures-task v0.3.5
[INFO] [stderr]     Checking log v0.4.8
[INFO] [stderr]    Compiling proc-macro2 v1.0.18
[INFO] [stderr]    Compiling proc-macro2 v0.4.30
[INFO] [stderr]    Compiling unicase v1.4.2
[INFO] [stderr]    Compiling idna v0.1.5
[INFO] [stderr]     Checking heck v0.3.1
[INFO] [stderr]    Compiling generic-array v0.12.3
[INFO] [stderr]    Compiling log v0.3.9
[INFO] [stderr]     Checking idna v0.2.0
[INFO] [stderr]     Checking want v0.3.0
[INFO] [stderr]     Checking block-cipher-trait v0.6.2
[INFO] [stderr]     Checking universal-hash v0.3.0
[INFO] [stderr]     Checking crypto-mac v0.7.0
[INFO] [stderr]     Checking aead v0.2.0
[INFO] [stderr]    Compiling mime v0.2.6
[INFO] [stderr]    Compiling quote v0.6.13
[INFO] [stderr]    Compiling quote v1.0.7
[INFO] [stderr]    Compiling digest v0.8.1
[INFO] [stderr]    Compiling block-buffer v0.7.3
[INFO] [stderr]    Compiling base64 v0.9.3
[INFO] [stderr]    Compiling url v1.7.2
[INFO] [stderr]     Checking num_cpus v1.13.0
[INFO] [stderr]     Checking net2 v0.2.34
[INFO] [stderr]     Checking iovec v0.1.4
[INFO] [stderr]     Checking signal-hook-registry v1.2.0
[INFO] [stderr]     Checking time v0.1.43
[INFO] [stderr]     Checking getrandom v0.1.14
[INFO] [stderr]     Checking socket2 v0.3.12
[INFO] [stderr]     Checking atty v0.2.14
[INFO] [stderr]     Checking aes-soft v0.3.3
[INFO] [stderr]     Checking url v2.1.1
[INFO] [stderr]     Checking hmac v0.7.1
[INFO] [stderr]     Checking polyval v0.3.3
[INFO] [stderr]    Compiling mime_guess v2.0.3
[INFO] [stderr]    Compiling openssl-sys v0.9.58
[INFO] [stderr]    Compiling syn v0.15.44
[INFO] [stderr]    Compiling sha2 v0.8.2
[INFO] [stderr]     Checking rand_core v0.5.1
[INFO] [stderr]     Checking mio v0.6.22
[INFO] [stderr]     Checking hkdf v0.8.0
[INFO] [stderr]     Checking http-body v0.3.1
[INFO] [stderr]     Checking ghash v0.2.3
[INFO] [stderr]     Checking aes v0.3.2
[INFO] [stderr]     Checking rand_chacha v0.2.2
[INFO] [stderr]    Compiling hyper v0.10.16
[INFO] [stderr]     Checking aes-gcm v0.5.0
[INFO] [stderr]     Checking rand v0.7.3
[INFO] [stderr]    Compiling openssl v0.10.29
[INFO] [stderr]    Compiling native-tls v0.2.4
[INFO] [stderr]     Checking mio-uds v0.6.8
[INFO] [stderr]     Checking cookie v0.11.3
[INFO] [stderr]    Compiling devise_core v0.2.0
[INFO] [stderr]    Compiling tokio-macros v0.2.5
[INFO] [stderr]    Compiling pin-project-internal v0.4.20
[INFO] [stderr]    Compiling serde_derive v1.0.111
[INFO] [stderr]    Compiling thiserror-impl v1.0.19
[INFO] [stderr]     Checking tokio v0.2.21
[INFO] [stderr]    Compiling devise_codegen v0.2.0
[INFO] [stderr]     Checking thiserror v1.0.19
[INFO] [stderr]     Checking pin-project v0.4.20
[INFO] [stderr]     Checking futures-util v0.3.5
[INFO] [stderr]    Compiling devise v0.2.0
[INFO] [stderr]    Compiling pear v0.1.4
[INFO] [stderr]     Checking rocket_http v0.4.5
[INFO] [stderr]     Checking serde v1.0.111
[INFO] [stderr]     Checking tokio-util v0.3.1
[INFO] [stderr]     Checking tokio-tls v0.3.1
[INFO] [stderr]     Checking h2 v0.2.5
[INFO] [stderr]     Checking hyper v0.13.6
[INFO] [stderr]     Checking serde_urlencoded v0.6.1
[INFO] [stderr]     Checking serde_json v1.0.55
[INFO] [stderr]     Checking toml v0.4.10
[INFO] [stderr]     Checking hyper-tls v0.4.1
[INFO] [stderr]     Checking reqwest v0.10.6
[INFO] [stderr]     Checking rvk v0.17.0
[INFO] [stderr]     Checking gkf_image_fetcher v0.1.0 (/opt/rustwide/workdir)
[INFO] [stdout] error[E0583]: file not found for module `config`
[INFO] [stdout]   --> src/main.rs:13:1
[INFO] [stdout]    |
[INFO] [stdout] 13 | mod config;
[INFO] [stdout]    | ^^^^^^^^^^^
[INFO] [stdout]    |
[INFO] [stdout]    = help: to create the module `config`, create file "src/config.rs"
[INFO] [stdout] 
[INFO] [stdout] 
[INFO] [stdout] error[E0583]: file not found for module `config`
[INFO] [stdout]   --> src/main.rs:13:1
[INFO] [stdout]    |
[INFO] [stdout] 13 | mod config;
[INFO] [stdout]    | ^^^^^^^^^^^
[INFO] [stdout]    |
[INFO] [stdout]    = help: to create the module `config`, create file "src/config.rs"
[INFO] [stdout] 
[INFO] [stdout] 
[INFO] [stdout] error[E0425]: cannot find value `TOKEN` in module `config`
[INFO] [stdout]   --> src/main.rs:58:38
[INFO] [stdout]    |
[INFO] [stdout] 58 |     let api = APIClient::new(config::TOKEN);
[INFO] [stdout]    |                                      ^^^^^ not found in `config`
[INFO] [stdout] 
[INFO] [stdout] 
[INFO] [stdout] error[E0425]: cannot find value `INITIAL_IMAGES_COUNT` in module `config`
[INFO] [stdout]   --> src/main.rs:67:47
[INFO] [stdout]    |
[INFO] [stdout] 67 |     while urls.len() + extra_offset < config::INITIAL_IMAGES_COUNT {
[INFO] [stdout]    |                                               ^^^^^^^^^^^^^^^^^^^^ not found in `config`
[INFO] [stdout] 
[INFO] [stdout] 
[INFO] [stdout] error[E0425]: cannot find value `IMAGES_SOURCE` in module `config`
[INFO] [stdout]   --> src/main.rs:70:50
[INFO] [stdout]    |
[INFO] [stdout] 70 |         params.insert("owner_id".into(), config::IMAGES_SOURCE.into());
[INFO] [stdout]    |                                                  ^^^^^^^^^^^^^ not found in `config`
[INFO] [stdout] 
[INFO] [stdout] 
[INFO] [stdout] error[E0425]: cannot find value `TOKEN` in module `config`
[INFO] [stdout]   --> src/main.rs:58:38
[INFO] [stdout]    |
[INFO] [stdout] 58 |     let api = APIClient::new(config::TOKEN);
[INFO] [stdout]    |                                      ^^^^^ not found in `config`
[INFO] [stdout] 
[INFO] [stdout] 
[INFO] [stdout] error[E0425]: cannot find value `INITIAL_IMAGES_COUNT` in module `config`
[INFO] [stdout]   --> src/main.rs:67:47
[INFO] [stdout]    |
[INFO] [stdout] 67 |     while urls.len() + extra_offset < config::INITIAL_IMAGES_COUNT {
[INFO] [stdout]    |                                               ^^^^^^^^^^^^^^^^^^^^ not found in `config`
[INFO] [stdout] 
[INFO] [stdout] 
[INFO] [stdout] error[E0425]: cannot find value `IMAGES_SOURCE` in module `config`
[INFO] [stdout]   --> src/main.rs:70:50
[INFO] [stdout]    |
[INFO] [stdout] 70 |         params.insert("owner_id".into(), config::IMAGES_SOURCE.into());
[INFO] [stdout]    |                                                  ^^^^^^^^^^^^^ not found in `config`
[INFO] [stdout] 
[INFO] [stdout] 
[INFO] [stdout] error: aborting due to 4 previous errors
[INFO] [stdout] 
[INFO] [stdout] 
[INFO] [stdout] Some errors have detailed explanations: E0425, E0583.
[INFO] [stdout] 
[INFO] [stdout] For more information about an error, try `rustc --explain E0425`.
[INFO] [stdout] 
[INFO] [stderr] error: could not compile `gkf_image_fetcher`.
[INFO] [stderr] 
[INFO] [stderr] To learn more, run the command again with --verbose.
[INFO] [stderr] warning: build failed, waiting for other jobs to finish...
[INFO] [stdout] error: aborting due to 4 previous errors
[INFO] [stdout] 
[INFO] [stdout] 
[INFO] [stdout] Some errors have detailed explanations: E0425, E0583.
[INFO] [stdout] 
[INFO] [stdout] For more information about an error, try `rustc --explain E0425`.
[INFO] [stdout] 
[INFO] [stderr] error: build failed
[INFO] running `Command { std: "docker" "inspect" "b3abf5bd6c6108506f26a5b5a1f8e2be9645c5058fb0c1f0494a7b6c6e862769", kill_on_drop: false }`
[INFO] running `Command { std: "docker" "rm" "-f" "b3abf5bd6c6108506f26a5b5a1f8e2be9645c5058fb0c1f0494a7b6c6e862769", kill_on_drop: false }`
[INFO] [stdout] b3abf5bd6c6108506f26a5b5a1f8e2be9645c5058fb0c1f0494a7b6c6e862769
